1*x - 14. Let q(h) = -3*a(h) + v(h). Give q(d).
-4
Suppose 2*y + 3*b = -3 + 6, -y - 4*b + 14 = 0. Let s = 12 - 8. Let h(i) = -3*i - s*i - 7*i**2 + 1 - 4 - i**3. Determine h(y).
3
Let u(a) = a**3 - a - 2. Let f(x) = 5*x**3 - 7*x - 11. Let o(m) = f(m) - 4*u(m). What is o(3)?
15
Let q(a) = -83 + 5*a + 41 + 2*a + 48. What is q(-2)?
-8
Let d(f) = 2*f. Suppose w = 5 - 1, -w + 4 = -3*t. Suppose 5*k = -t + 10. Let i be (-252)/(-66) + k/11. Calculate d(i).
8
Let b(q) be the third derivative of -q**5/5 + q**4/2 + q**2. Let c = 87 - 78. Let t(s) = -3*s**2 + 3*s. Let d(r) = c*t(r) - 2*b(r). Determine d(2).
-6
Let h be (-190)/8 - (-8)/(-32). Let m be (-140)/24 + 4/h. Let w(q) = q**3 + 7*q**2 + 8*q - 2. What is w(m)?
-14
Let b(h) = h**2 - 6*h + 7. Suppose -2*z = 3*z - 3*q - 14, 3*z - 5*q - 2 = 0. Suppose -8*g + 10 = -7*g - 5*u, -z*u - 4 = 0. What is b(g)?
2
Let m = -1754 - -1754. Let a(k) be the third derivative of 3*k**2 + 0*k**3 - 1/20*k**5 + 0*k + m*k**4 + 0. What is a(-1)?
-3
Let y(t) = 2*t**3 + 2*t + 1. Let r be 6/(-33) + 35/11. Let g be 12/4*2/r. Let h be (5/5 + -3)/g. Calculate y(h).
-3
Let t(s) = s**2 - 11*s + 34. Let x(p) = p**2 - 8*p + 23. Let q(j) = 5*t(j) - 7*x(j). Give q(3).
-6
Let s = -23 + 25. Suppose -4*g = -s*g - 6. Let a(n) = -n**3 + 4*n**2 - 5*n + 4. Determine a(g).
-2
Let b(t) = t**2 - 6*t + 4. Suppose 2*g = -1 + 7. Suppose g = 3*c - 2*c. Suppose j - 2 = c. Calculate b(j).
-1
Let p(j) = 4*j - 12. Let x(c) = c. Let u(v) = -p(v) + 3*x(v). Let z be u(8). Let g(w) = -w. Give g(z).
-4
Let b(p) = 360*p + 5*p**2 + 12 - 6*p**2 - 372*p. Calculate b(-12).
12
Let m(r) = -6*r + 12. Let n be m(1). Let s(b) = -b + 13. Determine s(n).
7
Suppose -4*i + i + 3*y = -24, 2*i + 5*y + 19 = 0. Suppose -21 - i = -4*k. Suppose -d + 4*d + k = 0. Let r(w) = w**2 + 2*w - 1. Calculate r(d).
-1
Let s = 1 - -1. Let d(w) = w**2 + 4*w**s - w - 2 - w - 2 + w**3. What is d(-5)?
6
Let v(h) = -h**3 + 14*h**2 + 4*h + 1. Let i(r) = -2*r**3 + 26*r**2 + 7*r + 1. Let y(o) = -4*i(o) + 7*v(o). Calculate y(6).
3
Let u(g) be the second derivative of 1/3*g**3 + 32*g + 3*g**2 + 0. Suppose -2*c = 4*j - j + 12, 0 = 5*j + 4*c + 20. Give u(j).
-2
Let v(q) be the third derivative of -q**5/60 - q**4/3 + 5*q**3/6 - q**2 + 487*q. Calculate v(-7).
12
Let b(q) be the second derivative of -1/3*q**3 + 0 - 36*q + 0*q**2. Determine b(3).
-6
Let j(v) be the first derivative of -v**5/120 - v**4/8 + 14*v**3/3 - 21. Let y(i) be the third derivative of j(i). Give y(-4).
1
Suppose 4*n = l + 16, l = 4*n - 7*n + 5. Let b(t) = t**2 + 2*t - t**3 + 0*t**n - 9*t + 5*t**2 + 7. Determine b(5).
-3
Let p(g) be the third derivative of g**9/6048 - g**7/2520 + g**6/720 + g**5/15 + g**2. Let k(t) be the third derivative of p(t). What is k(1)?
9
Let o(y) = -y + 5. Suppose 0 = 2*c + c + 219. Let m = c - -77. What is o(m)?
1
Let q(d) = 2*d + 9. Let f = -49 + 105. Suppose 5*n = -2*n - f. What is q(n)?
-7
Suppose -4*s = -j + 23, -11 = 3*j + 4*s - 0. Let p(u) be the first derivative of -u**j - 2*u - u**2 - 2 - 1/4*u**4. Calculate p(-3).
4
Let i be 1/((-38)/(-10) + -4). Suppose 0 = 3*m - 0*u + 2*u - 10, 3*m - 12 = -3*u. Let w(q) = -q**2 + 4*q + 0*q**2 + 2*q**m + 4. Determine w(i).
9
Suppose 2*k - 3*a - 16 = 0, 2*a + 23 = 5*k + 3*a. Let z(r) = k*r - 6*r + r + 2*r - 4. Let c(g) = 2*g - 10. Let i be c(3). Determine z(i).
-12
Let g(u) = 5*u**3 + 10*u**2 - 11*u - 16. Let j(m) = -14*m**3 - 30*m**2 + 32*m + 46. Let w(n) = 17*g(n) + 6*j(n). Determine w(9).
-32
Let k(f) = f + 2. Let l be 896/63 + (-4)/18. Let p = l + -10. Let c be 10/(-55) - p/(-22). What is k(c)?
2
Suppose -4*o + 3*o + 36 = 0. Let a(w) = o + 3*w - 31 + 0*w. Let k(x) = -x - 1. Let l(m) = -a(m) - k(m). What is l(-7)?
10
Let y(s) = s**3 - 7*s**2 + 2*s + 9. Suppose -4*t + 82 = -5*v, 0*t = 4*v + 4*t + 44. Let f = 21 + v. Give y(f).
23
Let q(m) = m**2 + 6*m + 7. Let n be q(-5). Suppose -13*t = -8*t - 45. Suppose -f = t - n. Let k(d) = -d - 15. Calculate k(f).
-8
Let v be 220/88 - (-2)/(-4). Let w(m) be the first derivative of v + m + 1/2*m**2. Determine w(-3).
-2
Let n(s) = -3*s**3 - 1. Let z = -106 - -108. Calculate n(z).
-25
Suppose 0*k - 2*a = -2*k + 20, 2*k + 3*a - 20 = 0. Let c(y) = -3*y**2 - 6 + 15 + y**3 - 6 - 11*y + 3 - 6*y**2. Calculate c(k).
-4
Let o(u) = -u. Let f(z) = z**2 + 7*z. Let l(p) = f(p) + 4*o(p). Determine l(-3).
0
Let z = -150 + 147. Let g(m) be the second derivative of -m**3/3 + m**2/2 - 3*m. Let x(j) = -11*j + 6. Let r(i) = 34*g(i) - 6*x(i). Determine r(z).
4
Suppose 5*q = 25 + 5. Let z(m) = -4*m + 5*m - 2*m**2 + 0*m**2 + 6*m + m**2. What is z(q)?
6
Let y(a) = 19*a + 5. Let q(t) = 16*t + 4. Let r(w) = -6*q(w) + 5*y(w). Determine r(7).
-6
Let p(z) = 3*z**2 + z - 5. Let x(l) = 4*l**2 + 2*l - 7. Let c(d) = 7*p(d) - 5*x(d). What is c(3)?
0
Let b(c) = 6*c - 17. Let g(d) = -3*d + 9. Let r(l) = -6*b(l) - 11*g(l). Suppose 3*n + 5*k = 2*n + 17, -5*k = -3*n - 9. Let u be 1*(1 - 2 - n). Give r(u).
12
Let k be (1 - -2)/(0 - -1). Let m(f) = 11 + 0*f + 2*f - k*f. Suppose 0 = 14*n - 9*n - 25. Give m(n).
6
Let p(y) = 2*y + 16. Suppose 5*o + 279 = 249. Give p(o).
4
Let w(b) = -b + 3. Let z be (-1 - -2)/(2/12). Let a(r) = -2*r + 3. Let i(c) = z*w(c) - 5*a(c). Let v be i(-2). Let s(g) = -g - 6. Determine s(v).
-1
Let u(g) be the third derivative of -7*g**2 + 0*g + 1/4*g**4 + 0 + 1/6*g**3. Give u(1).
7
Let a(q) be the first derivative of q**4 - q**2/2 + q - 50. Let c = -2 + 0. Let v(y) = y**2 + y - 1. Let w be v(c). What is a(w)?
4
Let h(z) = 17*z - 588. Let r be h(35). Let k(g) = -7*g**2 + 14*g + 2. Let u(f) = -6*f**2 + 13*f + 1. Let c(p) = -5*k(p) + 6*u(p). What is c(r)?
3
Let b = 870 - 863. Let z(o) = o**2 - 11*o + 2. Calculate z(b).
-26
Let s(d) = d**3 - 1 + 3*d - 4*d + d**2 + 6 - 1. Let w be (-98)/(-7)*2/(-4). Let p = w + 7. What is s(p)?
4
Let a(m) = m**2 + 11*m - 3. Let v be (90/(-18))/(2/4). Determine a(v).
-13
Let i(w) be the third derivative of -w**7/840 - w**6/60 + w**5/20 - w**4/8 + 4*w**3/3 + 9*w**2. Let f(j) be the first derivative of i(j). Give f(-7).
4
Let f(r) be the second derivative of r**4/12 + 5*r**3/6 + r**2/2 + 8*r - 11. Let h = 3 - 8. Determine f(h).
1
Let g(q) = q**3 + 4*q**2 - 1. Let h be ((-12)/36)/(1/3)*0. Suppose 6 = -2*t + r - 1, h = -r + 1. What is g(t)?
8
Let u be 60/(-5) + 5/(-5) + 6. Let h(i) = -3*i - 21. Calculate h(u).
0
Let u(n) = -n**2 + 4*n - 1. Let o = -218 - -221. Calculate u(o).
2
Let x be 4 + ((-8)/(-12))/(2/(-3)). Suppose 0 = -y + 3*z - 13, z - x = -5*y - z. Let k(a) = 4*a**2 - a. What is k(y)?
5
Let t(i) = -2*i - 1. Let x(z) = -5 - 8 + 14 - 3*z. Let w(u) = 2*t(u) - x(u). What is w(-4)?
1
Let h(z) be the first derivative of -z**2/2 + z - 1. Suppose -4*n = c - 15, -2*c + 18 = n + 3*c. Suppose -n + 15 = -4*s. Determine h(s).
4
Let l(y) = y - 1. Suppose 2*n - 48 = 16. Suppose -38*c + n*c = 42. Determine l(c).
-8
Let u(x) = -x**2 + x + 28. Let h be (0 + 0)/(16/(-2) + 9). What is u(h)?
28
Let a(d) be the second derivative of -d**4/12 - 5*d**3/3 + 8*d**2 + 25*d. Calculate a(-11).
5
Suppose -m = -30 + 24. Let g(i) be the third derivative of i**5/60 - 7*i**4/24 - i**3 - 2*i**2. What is g(m)?
-12
Let q(i) = i - 3. Let t(f) = 6*f - 17. Let z(d) = -34*q(d) + 6*t(d). Let v = -7 + 11. Suppose y = v*y + 12. Give z(y).
-8
Suppose 3*z = -2*z. Let n(x) be the first derivative of x**4/4 + x**3/3 + x**2/2 - 10*x - 2. Determine n(z).
-10
Let w(o) be the second derivative of 5*o**4/24 - 9*o**2/2 + o + 20. Let x(f) be the first derivative of w(f). What is x(2)?
10
Let g(d) = 3*d + 3. Let o = 486 - 485. Calculate g(o).
6
Let q = 14 + -13. Let z = 7 + q. Let f(h) = -5 - z*h + 5*h + h. Determine f(-5).
5
Suppose 5*s + 10 = -n, 2*s = 9*n - 10*n - 13. Let q(r) = r**3 + 15*r**2 + r + 9. What is q(n)?
-6
Let k be 7 - -4 - (5 + -1). Let y(m) = -m**2 + 0 + 3 - k. What is y(0)?
-4
Let l be (3/5)/((-4)/(-20)). Let r(x) = x - 4. Let v(k) be the first derivative of -5*k**2/2 + 16*k - 4. Let i(t) = 9*r(t) + 2*v(t). What is i(l)?
-7
Let a(l) = 2*l**3 - l**2. Let o(n) = -5*n**3 + 10*n**2 + 4*n - 5. Let d(u) = -3*a(u) - o(u). What is d(-5)?
-25
Let s(l) be the second derivative of l**4/12 - 5*l**2/2 - 28*l. Calculate s(-4).
11
Let r(g) = g**3 - g**2 - 18*g - 5. Let j be r(5). Let y(h) = h**2 - 4*h - 1. Determine y(j).
4
Let c(w) = -w**3 - 2*w**2 + 3*w + 4. S